divided by 362?
319
What is the remainder when 2202 is divided by 731?
9
What is the remainder when 163329 is divided by 14848?
1
Calculate the remainder when 10099 is divided by 48.
19
What is the remainder when 19129 is divided by 478?
9
Calculate the remainder when 385815 is divided by 35074.
1
What is the remainder when 1469 is divided by 6?
5
Calculate the remainder when 34009 is divided by 449.
334
Calculate the remainder when 745 is divided by 249.
247
What is the remainder when 5524343 is divided by 6?
5
Calculate the remainder when 13872 is divided by 4519.
315
Calculate the remainder when 191640 is divided by 281.
279
What is the remainder when 1519 is divided by 1467?
52
What is the remainder when 318 is divided by 55?
43
What is the remainder when 1114342 is divided by 1386?
1384
What is the remainder when 6227 is divided by 1572?
1511
What is the remainder when 9082 is divided by 413?
409
Calculate the remainder when 32346 is divided by 103.
4
What is the remainder when 1050 is divided by 173?
12
Calculate the remainder when 42503 is divided by 231.
230
Calculate the remainder when 7725 is divided by 1931.
1
Calculate the remainder when 113762 is divided by 119.
117
Calculate the remainder when 21246 is divided by 10507.
232
What is the remainder when 13803 is divided by 42?
27
Calculate the remainder when 1441 is divided by 255.
166
What is the remainder when 4333 is divided by 475?
58
Calculate the remainder when 39266 is divided by 357.
353
What is the remainder when 710 is divided by 384?
326
Calculate the remainder when 783175 is divided by 342.
337
Calculate the remainder when 120742 is divided by 12.
10
Calculate the remainder when 36529 is divided by 5217.
10
What is the remainder when 985956 is divided by 27?
24
Calculate the remainder when 5370 is divided by 417.
366
What is the remainder when 1987 is divided by 154?
139
What is the remainder when 2916 is divided by 172?
164
What is the remainder when 13212 is divided by 1220?
1012
What is the remainder when 28736 is divided by 103?
102
Calculate the remainder when 4921 is divided by 1622.
55
What is the remainder when 3782 is divided by 65?
12
Calculate the remainder when 5019 is divided by 148.
135
Calculate the remainder when 6572 is divided by 64.
44
Calculate the remainder when 485009 is divided by 217.
14
What is the remainder when 3525834 is divided by 164?
162
Calculate the remainder when 9207 is divided by 397.
76
What is the remainder when 109130 is divided by 36369?
23
Calculate the remainder when 9351 is divided by 9324.
27
What is the remainder when 7641 is divided by 139?
135
What is the remainder when 139876 is divided by 26?
22
Calculate the remainder when 2162 is divided by 440.
402
What is the remainder when 598 is divided by 518?
80
What is the remainder when 13194 is divided by 912?
426
What is the remainder when 270804 is divided by 306?
300
What is the remainder when 49454 is divided by 176?
174
What is the remainder when 4784 is divided by 282?
272
What is the remainder when 691870 is divided by 91?
88
Calculate the remainder when 6304 is divided by 4770.
1534
What is the remainder when 1922798 is divided by 275?
273
Calculate the remainder when 54185 is divided by 467.
13
Calculate the remainder when 14762 is divided by 1810.
282
Calculate the remainder when 358509 is divided by 86.
61
Calculate the remainder when 166792 is divided by 2417.
19
Calculate the remainder when 236757 is divided by 382.
299
What is the remainder when 4283 is divided by 4128?
155
Calculate the remainder when 11544 is divided by 5766.
12
Calculate the remainder when 72473 is divided by 249.
14
What is the remainder when 118039 is divided by 26?
25
What is the remainder when 43984 is divided by 830?
824
What is the remainder when 13240 is divided by 92?
84
What is the remainder when 13808 is divided by 67?
6
Calculate the remainder when 73832 is divided by 6152.
8
Calculate the remainder when 15358 is divided by 35.
28
Calculate the remainder when 200274 is divided by 11.
8
Calculate the remainder when 4169 is divided by 4126.
43
Calculate the remainder when 6744 is divided by 2239.
27
What is the remainder when 1059 is divided by 484?
91
What is the remainder when 17770 is divided by 5919?
13
What is the remainder when 31145 is divided by 247?
23
What is the remainder when 12374297 is divided by 290?
287
Calculate the remainder when 37583 is divided by 324.
323
Calculate the remainder when 8430 is divided by 6797.
1633
What is the remainder when 1585 is divided by 142?
23
What is the remainder when 1101232 is divided by 275305?
12
Calculate the remainder when 52108 is divided by 86.
78
Calculate the remainder when 960896 is divided by 15.
11
Calculate the remainder when 1748693 is divided by 964.
961
What is the remainder when 1121 is divided by 401?
319
What is the remainder when 16414 is divided by 21?
13
Calculate the remainder when 1614 is divided by 273.
249
What is the remainder when 5084243 is divided by 694?
693
Calculate the remainder when 202837 is divided by 20.
17
Calculate the remainder when 5937 is divided by 672.
561
What is the remainder when 27785 is divided by 39?
17
What is the remainder when 4272 is divided by 1069?
1065
What is the remainder when 2248 is divided by 16?
8
What is the remainder when 6626 is divided by 399?
242
What is the remainder when 4426 is divided by 138?
10
What is the remainder when 3647 is divided by 330?
17
What is the remainder when 10504 is divided by 10496?
8
What is the remainder when 58543 is divided by 58533?
10
What is the remainder when 526 is divided by 121?
42
Calculate the remainder when 291849 is divided by 592.
585
What is the remainder when 5466 is divided by 70?
6
What is the remainder when 1568 is divided by 323?
276
What is the remainder when 57709 is divided by 570?
139
Calculate the remainder when 5092 is divided by 106.
4
Calculate the remainder when 2393 is divided by 212.
61
What is the remainder when 25515 is divided by 2358?
1935
What is the remainder when 4548 is divided by 163?
147
What is the remainder when 1191 is divided by 80?
71
Calculate the remainder when 15723 is divided by 228.
219
Calculate the remainder when 6381 is divided by 51.
6
What is the remainder when 1920 is divided by 66?
6
Calculate the remainder when 548 is divided by 470.
78
What is the remainder when 285358 is divided by 174?
172
What is the remainder when 10866 is divided by 187?
20
What is the remainder when 78224 is divided by 32?
16
Calculate the remainder when 1456 is divided by 184.
168
Calculate the remainder when 407 is divided by 368.
39
Calculate the remainder when 28112 is divided by 34.
28
Calculate the remainder when 272 is divided by 65.
12
Calculate the remainder when 156664 is divided by 18.
10
What is the remainder when 174966 is divided by 24995?
1
Calculate the remainder when 4793 is divided by 793.
35
What is the remainder when 5683 is divided by 2840?
3
What is the remainder when 656009 is divided by 28?
25
What is the remainder when 3723 is divided by 196?
195
What is the remainder when 22833 is divided by 7609?
6
Calculate the remainder when 1457 is divided by 106.
79
Calculate the remainder when 16554 is divided by 230.
224
What is the remainder when 235036 is divided by 91?
74
What is the remainder when 2952 is divided by 26?
14
Calculate the remainder when 11768 is divided by 5877.
14
Calculate the remainder when 61634 is divided by 460.
454
What is the remainder when 118116 is divided by 26?
24
Calculate the remainder when 11568 is divided by 1283.
21
Calculate the remainder when 3610 is divided by 134.
126
Calculate the remainder when 890 is divided by 375.
140
What is the remainder when 62872 is divided by 31433?
6
What is the remainder when 43629 is divided by 11?
3
What is the remainder when 6202 is divided by 562?
20
What is the remainder when 31376 is divided by 436?
420
What is the remainder when 7401 is divided by 1545?
1221
Calculate the remainder when 11064 is divided by 410.
404
What is the remainder when 120383 is divided by 64?
63
What is the remainder when 6689 is divided by 711?
290
What is the remainder when 23036 is divided by 379?
296
Calculate the remainder when 76199 is divide